, -5*i = -2*n + 235. Let m = i + 71. What is the units digit of m?
4
Suppose 2*a = 0, 4*l - a = l. What is the units digit of 14/7 + 6 + l?
8
Let l(o) be the second derivative of o**7/840 + o**6/360 - o**5/120 - o**4/12 - o. Let y(f) be the third derivative of l(f). What is the units digit of y(-2)?
7
Suppose -j = 3*j + 8. Let k = j + 4. What is the units digit of k?
2
Suppose 9 = x - 3*f + 8*f, 4*f = 5*x - 16. What is the units digit of x?
4
Suppose 2*z - 5 = 289. What is the units digit of z?
7
Suppose 0 = -3*z - 4*o - 0*o + 8, -5*o = 4*z - 10. Let r = z + 2. Let n(c) = 2*c**2 - 3*c + 3. What is the units digit of n(r)?
5
Suppose -63 = m - 4*m. What is the tens digit of m?
2
Let m(n) = -7*n**2 + n + 3. Let h(s) = s**2. Let v(i) = -6*h(i) - m(i). What is the units digit of v(5)?
7
Let a be (-1292)/(-20) + (-2)/(-5). Suppose -a = -9*c + 4*c. What is the units digit of c?
3
Let o(f) = 2*f - 1. Let d be (-12)/(-42) - 66/(-14). What is the units digit of o(d)?
9
Let d be 4/(-10) - 4/(-10). Suppose -4*t + 1 + 11 = d. What is the units digit of t/2*4/6?
1
Suppose 4*l - 508 = -d, -d - 4*d = -5*l + 610. What is the tens digit of 5*(-4 - l/(-15))?
2
Let q(t) = 44. Let l(v) = v + 43. Let h(d) = -2*l(d) + 3*q(d). What is the units digit of h(0)?
6
Let x(m) = -m**2 + 14*m - 13. Let j(s) = 3*s**2 + 3*s + 5. Let w be j(-2). What is the tens digit of x(w)?
2
Let m = 121 + 0. Suppose 3*z + m = 4*b, 6*z - z = -15. What is the units digit of b?
8
Let q(z) = z**2 + 13*z + 11. Let a be q(-12). Let b = -4 + a. Let f(o) = -o. What is the units digit of f(b)?
5
Let o = -2 + 5. Suppose o*a = 5*p + 135, 0*p - 2*p - 86 = -2*a. What is the units digit of (-9)/(-6)*a/6?
0
What is the units digit of 2 + 2 + (48 - 6)?
6
Let m = -69 + 91. What is the tens digit of m?
2
Let g = 23 + 8. Suppose -5*n - 4*w + 103 = -2*w, -3*w + g = n. What is the tens digit of n?
1
Let y(c) = -c**2 - 6*c - 5. Suppose -12 = 2*i - 4*t, t = 4*i - 6*i - 7. What is the units digit of y(i)?
3
Let m(u) = -u + 14. What is the tens digit of m(-10)?
2
Suppose 3*b = 5*i - 181, 0 = -i + 4*b + 62 - 19. What is the tens digit of i?
3
Let n(q) = q**2 + 4*q - 1. Let c be n(-5). Suppose f = c*f - 33. What is the units digit of f?
1
Let p be (-130)/60 + 2/12. What is the units digit of p - -1*(12 + -3)?
7
Let f(m) be the second derivative of m**3/6 + m**2 - 3*m. What is the units digit of f(4)?
6
Suppose 3*a + 0 = 5*j + 2, -5*j + 18 = 2*a. What is the units digit of 2 - (2 - (0 + j))?
2
Let n = -152 + 442. What is the hundreds digit of n?
2
Let l(g) = -g**2 - 5*g - 2. Let j be l(-2). Suppose -5*b = j*y - 2*y - 114, -5*b = 3*y - 116. What is the tens digit of b?
2
Let d(u) = u**3 + 8*u**2 + 2. Let i = -22 - -14. Let h be d(i). Suppose 5*p = h*y + 11, 0 = 4*p - 3*y - 2*y - 19. What is the units digit of p?
1
Let z = 365 - 162. What is the tens digit of z?
0
Let i(x) = -x**3 - 2*x**2 + 5*x - 2. Let f be i(-4). Let m(p) = p + 12. What is the units digit of m(f)?
2
Suppose -3*m - 7 + 28 = 0. Suppose 2*y - 1 = -3. What is the units digit of (-3)/(-3) - m*y?
8
Let l = 116 + -58. What is the units digit of l?
8
Let w(t) = t**3 - t**2 - 7*t + 5. Let s be w(4). Let i = -6 + s. What is the tens digit of i?
1
Let l(m) = 16*m. Let v be l(2). Suppose 0 = -3*j - v + 5. Let k = -3 - j. What is the units digit of k?
6
Let h = -26 + 70. What is the units digit of h?
4
Let t = -74 + 108. What is the tens digit of t?
3
Let r(d) = d**2 + 5*d. Let m be r(-3). Let s(w) = w**2 + 4*w - 8. Let z be s(m). Suppose -z*k + 16 = -2*k. What is the units digit of k?
8
Suppose -6 = -4*d + 3*d + 4*b, -4*d + 5*b + 13 = 0. Suppose -d*j + 9 = j. Suppose j*z = -z + 2*c + 34, -z + 4*c = 2. What is the units digit of z?
0
Let d = -18 - -36. What is the units digit of d?
8
Let z = -6 + 4. Let q(f) = f**2 + 3*f. Let h be q(-2). What is the units digit of (z/6)/(h/6)?
1
Suppose -1 = 4*p - 5*g, p - 11 = 2*g + 3*g. Let u(c) = c - 6*c + 3*c - 5 - 4*c. What is the tens digit of u(p)?
1
Let v = 12 + -7. Suppose 0*a - v*a = -15. Suppose x + 6*b - 13 = a*b, 5*x - b - 97 = 0. What is the tens digit of x?
1
Let j = 17 + -9. Let x(o) = -o**3 + 8*o**2 + o + 3. What is the units digit of x(j)?
1
Let y = -26 - -55. What is the tens digit of y?
2
Let v be (-1)/(-3)*(-2 + 20). Let o = v - 5. What is the units digit of 7/(o + (-1)/2)?
4
Let w(h) = -3*h**2 + 3*h - 1. Let x be w(2). Let b = x + 20. What is the tens digit of b?
1
Let l = 8 + -18. What is the units digit of 10/(5/(l/(-4)))?
5
Suppose 5*j = -0*j + 35. Suppose j*k - 20 = 2*k. What is the units digit of k?
4
Suppose 4*l = 3*l + 1. What is the units digit of l?
1
Let u(o) = o**3 + 6*o**2 + 5*o - 7. Suppose 3*j + 0*j = -15. Let c be u(j). Let y(b) = -b. What is the units digit of y(c)?
7
Let g be (-3)/3*2 - -58. Let u = 100 - g. What is the units digit of u?
4
Let o be (-2)/(0 - (-2)/(-3)). What is the units digit of (3/(-3))/o*-3?
1
Suppose -5*p + 139 + 56 = 0. Suppose -3*u - 12 = -3*x, -x + 32 - 3 = 4*u. Suppose p = 5*d + x. What is the units digit of d?
6
Suppose -464 = 6*w - 14*w. What is the units digit of w?
8
What is the tens digit of (-4)/(-8)*-4*(-62 - 0)?
2
Let h be 186/(-9)*6/2. Let a = 90 + h. What is the tens digit of a?
2
Suppose 4*j = 3*j - 1. What is the tens digit of 1 - (-11 - (j + 1))?
1
Suppose -14*b + 46 = -4728. What is the hundreds digit of b?
3
Let o(i) be the second derivative of i**5/60 - i**4/6 - i**3/6 + 5*i**2/2 + 2*i. Let k(y) be the first derivative of o(y). What is the units digit of k(5)?
4
Let v(b) = b**3 - 14*b**2 - 15*b + 4. Let n be v(15). Let d(l) = -l**3 + 7*l**2 - 5*l + 1. What is the tens digit of d(n)?
2
Let k(o) = -o**3 - 5*o**2 + 5*o - 6. Let g be k(-6). Suppose g = -y, -p + y + 5 = -3*y. What is the units digit of p?
5
Let r be (-459)/(-21) + 1/7. Let w = -16 + r. What is the units digit of w?
6
Let x = -380 - -164. What is the units digit of x/(-15) + (-4)/10?
4
Suppose -b + 11 = -2*j, -9 = -0*b + b + 3*j. Let d(t) = 6 + t - b - 4. What is the units digit of d(7)?
6
Let b be (0 + 1)/((-3)/(-12)). Let s = -6 + 13. Suppose -s = -b*h - 3. What is the units digit of h?
1
Let o = -27 + -12. Let c = o + 66. What is the units digit of c?
7
Suppose -2*g - 10 = -4*g. Suppose 0 = 2*h - g - 1. What is the units digit of h?
3
Suppose -g - q + 28 = 2*q, 4*q + 35 = g. What is the tens digit of g?
3
Let s(g) = 5*g**3 - 4*g**2 + 6*g - 8. What is the units digit of s(2)?
8
Suppose 0 = 3*a - 12 - 18. What is the units digit of 32/6 + a/15?
6
Suppose -2*g = -2*z + g - 23, 0 = -3*z - g - 7. What is the units digit of (-711)/(-99) - z/(-22)?
7
Let a = 6 + -1. Suppose 0 = -a*t + t - 2*o + 50, -t - o + 13 = 0. What is the units digit of t?
2
Let o(f) = -39*f**3 + 3*f**2 - 3*f + 3. Let c be o(2). What is the units digit of c/(-15) - 1/5?
0
Suppose 0 = 2*p - 2*v - 8, 5*p - 13 = 3*v + 11. Suppose -5*l = 0, p*r - r - 4*l - 35 = 0. What is the units digit of r?
7
Suppose 3*b + k = 56, 4*k - 48 = -3*b + 7*k. Let x be (-4)/10 - b/5. Let w(l) = -l**2 - 4*l + 3. What is the units digit of w(x)?
3
Let c(y) = 2*y**2 - 17*y + 3. What is the units digit of c(13)?
0
Let o(q) = -q**3 - 9*q**2 + 7*q - 10. Let j be o(-10). Suppose f - 2 = 1. Suppose -2*b - r + j = f*b, 5*b - 30 = -3*r. What is the units digit of b?
3
What is the units digit of 1/(3/233) + (-14)/21?
7
Let g(t) = 2*t**2 + 4. Let v be g(4). Let n = 63 - v. What is the units digit of n?
7
Suppose 10*x = -147 + 997. What is the units digit of x?
5
Let j = 381 - 215. What is the units digit of j?
6
What is the units digit of 1 + 49 + 10/(-5)?
8
Suppose 3*f - 1009 = k, 7*k - 2*k + 20 = 0. What is the units digit of f?
5
Let l(s) = -11*s - 4. Let n(c) = c + 1. Let h(g) = l(g) + 6*n(g). Let t be h(-2). Suppose 3*u = -u + q + 16, 3*q = 3*u - t. What is the units digit of u?
4
Let y be (-1 - 5) + (-1 - 2). Let z = 6 - 3. What is the units digit of (-12)/y - z/9?
1
Let q(z) = z**3 - 6*z**2 - 10*z + 5. What is the tens digit of q(8)?
5
Let i = -22 + 31. What is the units digit of i?
9
Suppose 5*b = -5*v - 240, v + 4 + 42 = -3*b. What is the units digit of (-254)/(-14) - (-7)/v?
8
Let w = -5 + 6. Let v be 9/3*(w + 0). Suppose -v*j + 5*o + 29 = 0, -j - 3*o = -5*o - 8. What is the tens digit of j?
1
Let f(l) be the second derivative of l**5/20 - l**4